441 is divided by 23?
19
Calculate the remainder when 107444 is divided by 65.
64
Calculate the remainder when 80775 is divided by 3671.
13
Calculate the remainder when 24159 is divided by 12070.
19
Calculate the remainder when 2024 is divided by 149.
87
Calculate the remainder when 17823 is divided by 8904.
15
What is the remainder when 2005 is divided by 641?
82
Calculate the remainder when 159183 is divided by 159169.
14
What is the remainder when 2247297 is divided by 66?
63
Calculate the remainder when 5296 is divided by 73.
40
Calculate the remainder when 189394 is divided by 17217.
7
Calculate the remainder when 9615 is divided by 59.
57
What is the remainder when 3310 is divided by 31?
24
Calculate the remainder when 130976 is divided by 1794.
14
What is the remainder when 11877 is divided by 2952?
69
What is the remainder when 213068 is divided by 3738?
2
What is the remainder when 12412 is divided by 78?
10
What is the remainder when 248150 is divided by 3?
2
Calculate the remainder when 4807 is divided by 3648.
1159
What is the remainder when 393083 is divided by 537?
536
What is the remainder when 10184 is divided by 47?
32
Calculate the remainder when 19021 is divided by 21.
16
What is the remainder when 1962 is divided by 198?
180
What is the remainder when 4468 is divided by 229?
117
What is the remainder when 74123 is divided by 18527?
15
Calculate the remainder when 70070 is divided by 253.
242
Calculate the remainder when 9980 is divided by 1967.
145
Calculate the remainder when 10676 is divided by 258.
98
What is the remainder when 19648 is divided by 9788?
72
What is the remainder when 62534 is divided by 283?
274
What is the remainder when 55198 is divided by 480?
478
Calculate the remainder when 22338 is divided by 379.
356
Calculate the remainder when 481791 is divided by 240885.
21
What is the remainder when 26408 is divided by 3?
2
What is the remainder when 172371 is divided by 29?
24
What is the remainder when 38414 is divided by 170?
164
Calculate the remainder when 76100 is divided by 37.
28
What is the remainder when 29336 is divided by 94?
8
Calculate the remainder when 23469 is divided by 74.
11
What is the remainder when 3787 is divided by 595?
217
Calculate the remainder when 891 is divided by 147.
9
What is the remainder when 193958 is divided by 69?
68
Calculate the remainder when 93552 is divided by 604.
536
Calculate the remainder when 39596 is divided by 32.
12
Calculate the remainder when 3427 is divided by 1248.
931
What is the remainder when 5661 is divided by 1397?
73
What is the remainder when 29443 is divided by 29366?
77
Calculate the remainder when 2132 is divided by 347.
50
Calculate the remainder when 9324 is divided by 324.
252
What is the remainder when 5868 is divided by 4956?
912
Calculate the remainder when 19683 is divided by 214.
209
What is the remainder when 2147 is divided by 176?
35
Calculate the remainder when 171581 is divided by 171581.
0
Calculate the remainder when 7138 is divided by 26.
14
Calculate the remainder when 27430 is divided by 80.
70
Calculate the remainder when 7997 is divided by 129.
128
What is the remainder when 16916 is divided by 626?
14
Calculate the remainder when 11115 is divided by 292.
19
Calculate the remainder when 10498 is divided by 341.
268
What is the remainder when 275026 is divided by 103?
16
What is the remainder when 7876 is divided by 246?
4
What is the remainder when 171991 is divided by 250?
241
Calculate the remainder when 311121 is divided by 497.
496
Calculate the remainder when 461473 is divided by 315.
313
Calculate the remainder when 6416 is divided by 3124.
168
Calculate the remainder when 11710 is divided by 11656.
54
Calculate the remainder when 32285 is divided by 156.
149
What is the remainder when 3994 is divided by 34?
16
What is the remainder when 1500 is divided by 389?
333
Calculate the remainder when 4470 is divided by 36.
6
Calculate the remainder when 78171 is divided by 8669.
150
Calculate the remainder when 5316 is divided by 1031.
161
Calculate the remainder when 24737 is divided by 9.
5
What is the remainder when 2782655 is divided by 96?
95
Calculate the remainder when 2229 is divided by 456.
405
Calculate the remainder when 532796 is divided by 177596.
8
What is the remainder when 85633 is divided by 27?
16
Calculate the remainder when 1092 is divided by 122.
116
What is the remainder when 650 is divided by 492?
158
What is the remainder when 62536 is divided by 539?
12
Calculate the remainder when 23010 is divided by 812.
274
What is the remainder when 27790 is divided by 13892?
6
Calculate the remainder when 53339 is divided by 42.
41
Calculate the remainder when 193673 is divided by 48417.
5
Calculate the remainder when 410019 is divided by 37274.
5
What is the remainder when 191 is divided by 48?
47
Calculate the remainder when 1612228 is divided by 23.
20
What is the remainder when 143907 is divided by 533?
530
Calculate the remainder when 9844 is divided by 190.
154
What is the remainder when 6877 is divided by 344?
341
What is the remainder when 13580 is divided by 6777?
26
What is the remainder when 57124 is divided by 19?
10
Calculate the remainder when 1775 is divided by 510.
245
What is the remainder when 4827 is divided by 1454?
465
What is the remainder when 3413 is divided by 3313?
100
Calculate the remainder when 4342 is divided by 631.
556
What is the remainder when 13325 is divided by 2655?
50
Calculate the remainder when 8570 is divided by 245.
240
Calculate the remainder when 5299 is divided by 158.
85
Calculate the remainder when 662379 is divided by 42.
39
Calculate the remainder when 49239 is divided by 84.
15
Calculate the remainder when 2494 is divided by 28.
2
What is the remainder when 33535 is divided by 5589?
1
Calculate the remainder when 46856 is divided by 914.
242
Calculate the remainder when 104056 is divided by 1351.
29
Calculate the remainder when 23653 is divided by 3941.
7
What is the remainder when 6795 is divided by 485?
5
What is the remainder when 1947318 is divided by 547?
545
Calculate the remainder when 46232 is divided by 46124.
108
Calculate the remainder when 6470 is divided by 92.
30
Calculate the remainder when 134474 is divided by 731.
701
What is the remainder when 113258 is divided by 54?
20
What is the remainder when 3974 is divided by 1053?
815
Calculate the remainder when 5422 is divided by 521.
212
What is the remainder when 1559 is divided by 1434?
125
What is the remainder when 396323 is divided by 5828?
19
Calculate the remainder when 267629 is divided by 89208.
5
What is the remainder when 51299 is divided by 4272?
35
Calculate the remainder when 3872 is divided by 440.
352
What is the remainder when 2773166 is divided by 353?
351
What is the remainder when 3166 is divided by 13?
7
What is the remainder when 31857 is divided by 31811?
46
Calculate the remainder when 99611 is divided by 5533.
17
Calculate the remainder when 26362 is divided by 6587.
14
Calculate the remainder when 8409 is divided by 10.
9
Calculate the remainder when 12665 is divided by 49.
23
What is the remainder when 825129 is divided by 545?
544
Calculate the remainder when 12668 is divided by 903.
26
Calculate the remainder when 7855 is divided by 320.
175
Calculate the remainder when 408000 is divided by 67999.
6
Calculate the remainder when 1779112 is divided by 105.
97
Calculate the remainder when 43779 is divided by 1921.
1517
What is the remainder when 1992 is divided by 333?
327
What is the remainder when 11690 is divided by 5838?
14
Calculate the remainder when 30845 is divided by 18.
11
What is the remainder when 59076 is divided by 197?
173
What is the remainder when 14262 is divided by 3554?
46
Calculate the remainder when 694957 is divided by 35.
32
Calculate the remainder when 13969 is divided by 35.
4
Calculate the remainder when 873 is divided by 856.
17
Calculate the remainder when 43253 is divided by 218.
89
Calculate the remainder when 2249 is divided by 311.
72
What is the remainder when 11693 is divided by 11690?
3
What is the remainder when 2129 is divided by 30?
29
Calculate the remainder when 29093 is divided by 253.
251
What is the remainder when 1419 is divided 